ppose 3382 - 13810 = -79*q. What is the highest common divisor of 2772 and q?
132
Let s be (-400)/(-15) + (130/3)/13. What is the highest common factor of 3645 and s?
15
Let c = 9071 - 7553. What is the greatest common divisor of 264 and c?
66
Suppose 6*x - 62 = 180 + 46. Let o(c) = 13*c**2 - 5*c + 4. Let y be o(4). What is the greatest common factor of x and y?
48
Suppose 2*s = -4*r - 2, -2*r = -s + 9 - 2. Let u(c) = 15*c + 72. Let g be u(21). Suppose -g - 273 = -20*v. What is the highest common divisor of s and v?
3
Let g(h) = 7*h + 46. Let t be g(-3). Calculate the highest common divisor of t and 4075.
25
Let q(y) = -y**2 + 11*y - 39. Let z be q(8). Let f be (171/z)/(21/(-70)). Calculate the highest common factor of 304 and f.
38
Let l be 136/12*(-918)/(-12). Suppose -5*w + 168 + l = 0. What is the greatest common divisor of w and 46?
23
Let i(x) = x**3 + 5*x**2 - 4*x + 1. Let b be i(-5). Let l = -39257 + 39306. What is the greatest common divisor of b and l?
7
Let j(c) = -5*c + 17. Let z be j(3). Suppose z*h = -5 + 27. Suppose 7*p - 3*p + 3*m - 53 = 0, 0 = -3*p + m + 30. What is the highest common factor of p and h?
11
Let h(d) = -45*d - 42. Suppose 4*n + 4*k = 5*k - 4, n = -5*k - 22. Let o be h(n). Suppose 4*m + m - 40 = 0. What is the greatest common divisor of m and o?
8
Let o(a) = 4*a**2 - 130*a + 46. Let f be o(-18). What is the greatest common divisor of 14 and f?
14
Let v(r) = 26*r + 344*r - 70*r + 108. Let a be v(3). Calculate the highest common factor of 42 and a.
42
Suppose 10*t - 250378 - 34776 + 67444 = 0. Calculate the highest common divisor of t and 9.
9
Let i = 91 - 87. Suppose -i*z - 4*z = -8. Let p be (2 - 1 - (2 + z))*-23. What is the greatest common divisor of 46 and p?
46
Suppose -25677 - 63045 = -186*g. What is the greatest common divisor of g and 5883?
159
Let k(i) = 13*i + 638. Let a be k(4). What is the greatest common divisor of a and 120?
30
Let b(c) = -70*c**2 + 3*c + 3. Let r be b(-1). Let t = 838 + r. What is the highest common factor of 24 and t?
24
Suppose w = -3*m + 87362, -39*m + 11*w + 58183 = -37*m. What is the greatest common divisor of 37 and m?
37
Suppose -6*a - 4296 + 4764 = 0. What is the greatest common divisor of a and 30?
6
Let o be (21*(-11)/(-12))/((-4)/(-32)). Suppose t - 25 = -q + 2, 139 = 5*t + q. Calculate the highest common divisor of t and o.
14
Let z = 10 + 44. Let g(v) = -v**2 - 78*v + 1516. Let f be g(16). What is the highest common factor of f and z?
6
Let i be 16/(-24) - ((-165847)/(-3))/(-11). Calculate the greatest common factor of 75 and i.
75
Suppose v + 57 + 242 = 0. Let h be 1/(-4) + 1/4*v. Let d = -59 - h. Calculate the highest common divisor of 144 and d.
16
Let a be 0 - -1 - -44 - 0. Let s be a*(-1)/((-6)/2). Suppose -13*b - 480 = -4*p - 14*b, p - 2*b - 120 = 0. What is the highest common divisor of p and s?
15
Let m = 108 + -58. Let b be -3 + (7 - 8) + (1 - 2). Let c be b/((-80)/(-12)) - 1006/(-8). Calculate the greatest common factor of m and c.
25
Let k be ((1800/(-42))/3)/((-4)/70). Let r = -13 + 17. Suppose 5 = d - t + 2*t, -35 = -r*d - t. What is the highest common factor of d and k?
10
Let t = 3619 + -3464. Calculate the greatest common divisor of t and 10.
5
Let c = 7701 - 2391. Calculate the greatest common divisor of c and 90.
90
Let k = -26479 - -26487. Calculate the highest common factor of k and 1622.
2
Let l(m) = -m**3 + 10*m**2 - 10*m. Let z be l(8). Let g(b) = b - 9 - 7 - 7 + z. Let u be g(-17). Calculate the greatest common divisor of 16 and u.
8
Suppose 0 = -40*m - 408 + 1688. Suppose 0 = m*j - 5861 + 2021. Calculate the greatest common factor of 15 and j.
15
Let t = 146 + -42. Suppose 2 + 423 = -5*a. Let q = 93 + a. What is the highest common factor of t and q?
8
Suppose 4*u - 13 = 3. Suppose 77 - 1089 = -u*v. Let q be -2*(-4 + (-30)/4). What is the greatest common divisor of v and q?
23
Let k(m) = 3*m**2 + 141*m - 167*m + 113 - m**2. Let p be k(6). Calculate the greatest common divisor of p and 377.
29
Let r be (-1)/7 - 4*549/(-84). What is the greatest common divisor of 6318 and r?
26
Let h be ((-10)/(-8) - 4/8)*12. Suppose -5*y = -u + 17, 4*y + 109 = 2*u + h*y. What is the highest common factor of u and 105?
21
Let u(k) = -k**3 - 7*k**2 - 9*k. Let y = 25 - 31. Let m be u(y). Let a = -21 - -30. Calculate the greatest common factor of m and a.
9
Let x(b) = -16*b**2 + 23*b + 44. Let f be x(2). What is the highest common factor of 28054 and f?
26
Let l(v) = 2*v**2 - 18*v. Let h be l(-8). Let i be (-1 - 0)/(4 - 5992/1496). Let m be (i/44)/(3/(11 - -1)). Calculate the greatest common factor of m and h.
17
Suppose -178 + 3629 = 68*l + 391. Let t be (-14165)/(-35) + (-2)/(-7). Calculate the highest common factor of l and t.
45
Suppose 0 = -18*p + 1260 + 288. Suppose -p = -5*f - n, -f + 7*n + 38 = 2*n. Calculate the highest common factor of 144 and f.
18
Suppose 18 = 23*l - 17*l. Let t be (-10 - 279/(-36))*(-8)/l. Suppose -4*u = -2*g - 2*g + 48, 5*g + 4*u = 24. What is the greatest common factor of t and g?
2
Suppose -4*t + 3*h = -574, 616 = 3*t + 5*h + 171. Let z = 559 - 536. Suppose -3*v + z = -t. Calculate the greatest common factor of 14 and v.
14
Suppose -1155 = -2*w - n, -4*n + 588 = -41*w + 42*w. Suppose 0*l + l - h - 15 = 0, 5*l - 78 = 4*h. Calculate the highest common factor of w and l.
18
Let f be (-263)/(7 + (-8)/18*16). What is the greatest common divisor of f and 9?
9
Let q be -11 + 10 + 8 + 334. What is the highest common divisor of q and 440?
11
Let k(r) = -15 - 4 - 67 - 3 - 23*r. Let g be k(-4). Calculate the greatest common divisor of g and 5.
1
Let y(w) = 4*w + 68. Let n be y(-15). Suppose -3*b + 8*b = -5*z + 15, 3*z = -2*b + 9. Suppose -5 - 19 = -z*s. Calculate the highest common factor of n and s.
8
Suppose -373 = -4*n + x, 4*n = -2*x + 553 - 183. Let d be n/(-24) - -4 - (-10355)/40. Calculate the highest common divisor of 37 and d.
37
Let a be (-119 - 1)*30/(-45). Suppose -8*l - 30 = -o - 3*l, 0 = -2*o - 3*l + 112. What is the highest common divisor of o and a?
10
Let v(n) = 9*n**2 - 1174*n + 8. Let k be v(131). Calculate the highest common divisor of 68 and k.
17
Let o = 30 + -20. Let x be 1004/o + (-5)/((-75)/(-6)). Let u = x + -52. What is the highest common divisor of 32 and u?
16
Let k = -73 + 98. Let u = 77 + -52. Calculate the highest common divisor of k and u.
25
Suppose -3 = -5*n - 8, 2*a = 5*n + 635. Let k be -2*1*a/(-42). Let v = 273 - 153. What is the greatest common divisor of v and k?
15
Let q be (-4)/8 - (-121)/2. Let s be (-2)/(7 - 426/q). What is the highest common divisor of 190 and s?
10
Let l be (-18)/(-10)*-5 + 422. What is the highest common factor of l and 472?
59
Let z = -41 - -46. Let h be (-54)/(-15) - 3/z. Calculate the highest common factor of 1 and h.
1
Let k(o) = -24*o. Let g be k(-2). Let v be (-3 - (-1062)/8)/((-6)/(-56)). Suppose v = 17*j - 421. What is the greatest common divisor of j and g?
48
Suppose -3*o = -2*l - 23, -2*o + 3*l = -4 - 18. Suppose -985 = -o*c + 50. Calculate the highest common divisor of c and 23.
23
Let c(a) = 2*a**2 + 7*a + 8. Let z be c(-1). Suppose -54*k - 945 = -63*k. What is the highest common factor of k and z?
3
Let p be 54/(-54)*(0 + -1). Let x be (p - -29)/(36/24). What is the greatest common factor of x and 40?
20
Let v be 12285/1323 + (-2)/7 + 1072. Calculate the greatest common divisor of 2021 and v.
47
Let t(a) = 1218*a**2. Let d be t(1). Calculate the greatest common divisor of 42 and d.
42
Let s be 19/38 - (1864/(-16) + (-6)/2). Calculate the highest common divisor of 396 and s.
12
Let o(h) = -36*h**3 + 5*h**2 - 21. Let z be o(-4). Calculate the highest common divisor of z and 51.
17
Let i = -5 + 1. Let w be i/6*(-12)/4. Suppose -a = -5*h + 674, 140 = w*h - 5*a - 125. What is the greatest common factor of h and 15?
15
Suppose 4*o = -b + 114, -115*b = 5*o - 118*b - 134. Calculate the greatest common factor of 1204 and o.
28
Suppose 5*d - 35 = 5*g - 115, 4*g + 3*d = 36. Let j(c) = c**2 - 13*c + 47. Let f be j(g). Let x = 5 + 23. Calculate the greatest common factor of f and x.
7
Suppose -4603 + 696 = -14*q - 211. Calculate the greatest common factor of q and 363.
33
Suppose 7*r + 6 = 8*r. Suppose -4*u - q = 16, -4*u + r*q - 8*q = 12. Let l be u/(45/(-24))*(55 - 1). Calcul